- (-11 + (103 - -2) + (8 - -1))?
-119
What is 53 + -64 - (5 + -9 + -5) - (1 + -50)?
47
Evaluate -36 + (-13 + 24 - (13 + -22)).
-16
Evaluate 22 + ((-10 + 0 - -11) + -6 - (11 - 24)).
30
What is (-823 - -870) + 1 + -34 + 1 + -116?
-101
Calculate 39 + -67 - (-13 + -73).
58
What is 5 + -4 + 2 + -51 + (235 - 232)?
-45
Calculate 63 + (-5 - -106 - 98).
66
(17 - (-19 - -19 - -18)) + (-3 - (0 + -5))
1
What is the value of (-25 - (-7 - 1)) + -13 + -3?
-33
What is (178 - 185 - (0 - 14)) + 0 + -13 + -1?
-7
Evaluate (111 - 112) + 7 + 11 - 32.
-15
Evaluate 2 + 5 + 90 - 96.
1
2580 + -2607 + -38 + -2
-67
What is the value of 66 + (14 - 27) - (22 - 0)?
31
What is 68 - ((4 - 2) + -14 + -21)?
101
-5 - (21 - (5 - (-31 - -22))) - -145
133
Calculate -58 + (-25 - -57) + 75.
49
Evaluate -3018 - -3028 - (1 + 66).
-57
-1 - 10 - (56 - (-31 - -165))
67
Calculate (-2 - -16) + -192 + 206 + 1 + 3 + -8.
24
Calculate (-4 - -1) + 210 + -222 + (-50 - (2 - 3)).
-64
(43 - 7) + -10 - (1 - 15 - -7)
33
Evaluate -13 + (-24 - -19 - -4) + -28.
-42
Evaluate 87 + -98 - (-2 + 17 - -6).
-32
What is the value of (-19 - -7 - 25) + 38?
1
What is the value of 6 - ((-10 - 2) + (11 + 0 - (-49 + 55)))?
13
What is the value of 15 - ((12 - -16) + -173 + 72)?
88
Evaluate 5 - (40 - (16 - (7 + -5 + 0 + 2))).
-23
What is the value of (-7 + 27 - (24 + -27 + 17)) + 69?
75
What is 36 - (-10 + -4 + 20 + (2 - (3 + 10)))?
41
Calculate (-2 - (0 - 2) - -5) + -29 - (15 + 0).
-39
What is -1 - -96 - (6350 + -6190)?
-65
What is 24139 + -23998 + (-151 - 0)?
-10
Calculate -88 + -2 - ((13 + -11 - 3) + -10 + 10).
-89
Evaluate (-45 - -73 - 78) + -1.
-51
-4 - (11 - (-12 - (6 + (-33 - 5))))
5
What is -120 + (1 - -30) + (-389 - -367)?
-111
What is the value of (-8 - 5) + (20 - (55 + -22)) - (-3 + 0)?
-23
What is the value of (-217 - (155 - 261)) + (0 - -2)?
-109
Evaluate (24 - (-23 + 57 - 19)) + 18 + -1.
26
Calculate 3 - 4 - 82 - ((-15 - -5) + 10 - 5).
-78
Evaluate (-3 - -13) + -4 + 2 + 20 + (17 - 14).
31
Evaluate -21 + 86 + -40 - 54.
-29
What is -49 + (-7 + -6 - (-2 + -6 - 1))?
-53
What is the value of (6 + -17 + 7 - -36) + 32 + -44?
20
What is (-8 + (-4 - -5) + (3 - 6) - 41) + -10?
-61
Calculate 139 - 71 - ((5 + 5 - 3) + -7 + -8).
76
What is (-39 - -58 - 15) + -1 + -12 - (-5 - -5)?
-9
17 - (64 + -11 + 21 + -11)
-46
What is 76 - 51 - -26 - 20?
31
Calculate (13 - 50) + -10 + -126 + 167.
-6
60 - (-3 - -20) - (-20 - -7 - -11)
45
Calculate 0 + 28 + -290 + 343.
81
Evaluate -13 - (8 + 3 - 17 - (-4 - -64 - 6)).
47
(0 - -11 - (29 + 33 + (-35 - 19))) + 14
17
((-7 - -6) + 7 - -36 - (-22 - -25)) + -7
32
-22 - (10 - 23) - ((-2 - -10) + (6 - -83))
-106
(3 - (-1 + 2 - (3 + -26 + 20))) + -23
-24
11 + (35 - -5 - (-15 + 9)) + 3
60
What is the value of -4 + 7 - (0 - (-9 + (0 - -7))) - -53?
54
Evaluate -186 + (120 - 10) + -4 + (0 - 3).
-83
Calculate (7 - (2 - 5) - 1) + -18 - (13 + -1).
-21
What is the value of 4 + (-36 - -29) + (-12 - -2) - -12?
-1
Calculate (-4 - 4 - (42 + -57)) + 2 + -2 + 13.
20
Calculate -7 - (12 - (-55 + (12 - -2) + 4)).
-56
-68 - -64 - 58 - -57
-5
What is 6 + -1 - (18 + -50 + 0)?
37
204 - 142 - (43 + -1)
20
Calculate 1 - 0 - (-14 + -9 + 33 - 21).
12
(10 - 11) + -157 + 135
-23
What is the value of 61 + -51 - -42 - 86?
-34
Evaluate 10 + -14 + -4 - (119 - 151).
24
1 + 81 + -2 + 1 + 12 + -187 + 186
92
(0 - 6) + -16 + -26 + 37
-11
Evaluate 86 - (37 - (-84 - 17)).
-52
Evaluate -123 + 178 + (-13 - -1) + (-17 - -7).
33
What is 6 - (8 + 5 + (-14 - 4 - -120) + -13)?
-96
Calculate 10 + -11 - (10 + -2) - (10 + -20 + -25).
26
-45 + -33 - -46 - -15 - (1 + -83)
65
Calculate -223 + (137 - 33) + -2.
-121
Calculate (22 + -3 + -21 - (-10 - -1)) + -26.
-19
Evaluate 9 + (1 - -16) - 15.
11
Calculate -26 + (-1 - 2 - (4 + -29 + 9)).
-13
What is -55 + (61 - (-127 - -82))?
51
Evaluate -56 - (-4 - ((17 - (3 + 32)) + 15)).
-55
What is the value of -186 + 67 - -54 - (3 + -5 + 5 + -2)?
-66
Calculate 21 + 63 + -72 + 21.
33
Evaluate (-62 - (-33 - 28)) + 14.
13
Calculate (1 - 38 - -56 - -12) + 41.
72
What is the value of (-13 - 0) + -3 + (57 - (186 + -93))?
-52
Calculate -109 + (-19 - (10 - (12 - -19))) - -9.
-98
Evaluate -25 - ((-31 - -54 - -53) + 14).
-115
Evaluate -19 - (-175 + 64 + 96).
-4
Calculate -1 + 20 - (80 - (68 - -11)) - 70.
-52
What is the value of -12 + (39 + -26 + 13 - 17)?
-3
Calculate (-17 - (-3 - (-7 - -1) - (-230 - -241))) + -66.
-75
What is the value of (6 - 2) + (9 + -11 - -41) + 12 + 2?
57
What is (24 - 53 - -51) + 32?
54
Evaluate -7 - -3 - (10 + -6 + 9 + 4 - 89).
68
Calculate 3 - (4 - -22) - (-15 + 73 + -51).
-30
0 + 37 - (11 - (-41 + 53 + (1 - 1)))
38
What is 5 + 1 + 9 + -31 + -1?
-17
Calculate -37 + 2 + (-504 - -512).
-27
What is -13 + 2 + (-54 - -71) + -14 + 31?
23
What is the value of 1 - (64 - 37 - (13 + 6) - (2 - 0))?
-5
What is 26 + -2 + (4 - (-7 + -2 + (10 - 3)))?
30
What is the value of -14 + 29 + -11 + 0 - -8?
12
3 - -52 - (-4 + 20)
39
-23 + 1 - (-3 + 3 + 26)
-48
What is the value of -5 + (56 - 56 - -16)?
11
What is (-71 - -79) + 73 - 141?
-60
14 - (-6 + 0 - (-122 + 63 - -41))
2
What is the value of (-86 - -166 - 152) + 13?
-59
What is (32 - 38 - 6) + (-42 - -2) + 0?
-52
What is the value of -144 + (-2 - (-2 + -1)) - (-52 - -77 - 35)?
-133
Calculate -95 + 137 + -64 - (-8 + (-2 - -1)).
-13
Evaluate -2 + 66 + 1 + 47 + 18 + -65 - -14.
79
Calculate 25 - 3 - -1 - (7 + 2 + 3).
11
-122 - (-4 + -16) - -156
54
What is -73 + ((15 - 5) + 4 - 24) + 35?
-48
What is the value of -35 - (4 - ((23 - 32) + (0 - -7 - 2)))?
-43
What is (3 + 6 + 9 - 51) + 7 + -18?
-44
Calculate (-1 - 23) + (9263 - 9177).
62
Evaluate -21 + (11 + 39 - (0 - (-7 - -22))).
44
-8 + 3 + 9 + 4 + -13 + -38
-43
Evaluate 1 - (21 - 19) - (92 - 15 - -1).
-79
What is the value of (-4 - -3 - (66 + -42)) + (94 - 110)?
-41
48 - (-4 + 16 - (17 + 4 + 1))
58
What is the value of (40 - (35 + (-16 - 9))) + 38?
68
-66 + (-24 - (-164 + 36))
38
What is (3 - 56) + 245 + -278 - -6?
-80
Evaluate 62 + (0 - 15 - (-75 + (82 - 10))).
50
35 - 58 - (6 - -2 - 45)
14
What is the value of (24 - -2) + 5 - (26 + -15) - (-3 - -6)?
17
(-25 - (21 + -7 - 0 - 7)) + -6 + 1
-37
What is the value of -71 + (102 - -20) - 92?
-41
Calculate 42 + -38 + 4 - (16 - -1) - (1 + -55).
45
What is the value of 10 + 5 + 1 + -221 + 241?
36
121 + -5 - (481 + -391)
26
What is 4 - (-4 + -6 - 0) - (-12 + -30)?
56
Evaluate (0 - -11) + (-16 + 75 - 43).
27
What is the value of 9 + (11 - (-13 - (-10 - (-10 + -9))))?
42
Evaluate (-1094 - -1075) + (70 - 0).
51
Evaluate 34 - (38 - -25) - 31.
-60
Evaluate 8249 + -8265 - (-61 - -1).
44
Evaluate 1 - (-1 - 3 - (5 + (-2 - 11))) - 13.
-16
-5 + 8 + 5 + 13 + 1 + -94
-72
Evaluate (47 - 2) + (-1121 - -1180).
104
What is the value of 47 + -81 + (2 - -4 - -14)?
-14
Evaluate 0 + -3 + (2593 - 2591) - (1 + 14).
-16
What is -43 + 28 + 3 + -1 + 22?
9
Calculate (-7 - 2) + (32 - 62) + 24 + -12.
-27
Calculate 3 + -87 - -8 - -104.
28
Evaluate 3 + (0 - (5 + -3)) + 6 + -6 - -58.
59
-95 - (-47 + -36) - (1 + 0 + 22)
-35
Evaluate 245 + -239 + (-71 - (1 + -3)).
-63
What is the value of -36 - (-200 - -78 - -29)?
57
What is the value of (2 - -13 - (-85 + 100)) + 4 + -6?
-2
(67 - -69 - 80) + -68
-12
(-696 - -696) + -7 + 28
21
(57 + -50 - 184 - -36) + (1 - -1 - -3)
-136
What is the value of (18 - -90 - 41) + 21 + 5?
93
7 + (1 - 2) + -49 + (-64 - (-14 + -48))
-45
Evaluate -3 + 9 - -6 - ((-12 - 6) + 6).
24
What is 41 - ((-74 - -86) + 33)?
-4
Calculate -73 + -2 + -1093 + 1155.
-13
What is the value of -23 + 15 + 14 + 0 + 1 - 15?
-8
What is the value of 15 + 56 + -55 + -88?
-72
What is the value of (-10 - (-9 + -5 - -16)) + 15 + -7 - 103?
-107
Calculate -22 + (28 - (-8 + (77 - 32))).
-31
7 + (5 - 10 - (-49 - -58)) + -16
-23
What is the value of (290 - 294) + (-57 - -4)?
-57
Evaluate 6 + (-12 - (2 + 10 + -11 - 5) - 75).
-77
Calculate -21 + 54 + -13 - -7.
27
Evaluate -3 + 3 + -2 + 10 + 103 + -103.
8
What is the value of 67 + -52 + -25 + 0 + 12 + (-1 - -14)?
15
18 - (8 + (7 - (-14 - -114) - -20))
83
5 + (-86 - (61 - 53))
-89
Calculate -30 + 4 + (227 - 219).
-18
What is the value of -67 - (23 + (-18 - 20) - 4)?
-48
Calculate -38 + 71 - 39 - (3 + 0) - -11.
2
What is 7 + -11 - (-20 - -40) - -53?
29
Evaluate -24 - (-7 - (56 - 61)).
-22
(-1 - -5) + -2 + -29 - (-35 + 3 + 38)
-33
Calculate 8 + 7 + -4 + (0 - (-17 - -5